/3 - 7*i**2/2 - 7*i - 2. Let d be f(8). Suppose t - 36 + d = 0. Is t a prime number?
False
Suppose -803 = -5*n + 182. Suppose -54 = -o + n. Is o a composite number?
False
Is 186 + 10/(4 + -2) prime?
True
Suppose 5*v = -0*v + 575. Is v prime?
False
Suppose 2*h - 3410 = -4*f, 1460 + 2801 = 5*f + 2*h. Is f a prime number?
False
Let q(u) = -13*u - 9. Is q(-20) prime?
True
Let s(i) = i + 1. Let f(a) = a**2 - 6. Let d(k) = f(k) + 2*s(k). Is d(5) prime?
True
Suppose 59 = g + 17. Let t be 1/(-4) - g/(-8). Suppose 5*k + 3*b = 401, -399 = -t*k + b - 3*b. Is k composite?
False
Let d be (-2)/5 + 21/15. Is 110/25*d*5 a prime number?
False
Let o(m) be the first derivative of -7*m**2/2 + 6*m + 1. Let h(j) = -j**3 - j**2 + 4*j - 3. Let r be h(2). Is o(r) composite?
True
Let t be 2 - 1 - (-657)/1. Suppose -4*b = -b - 5*x - t, -196 = -b - 3*x. Is b a composite number?
False
Let f(x) = x - 4. Let u be f(-5). Let l = u - -3. Let c(v) = -14*v - 5. Is c(l) a composite number?
False
Suppose 0 = -3*i + i + 228. Suppose -6*m - 5*y = -m - 5, -21 = -5*m - y. Suppose -41 = -m*z + i. Is z a prime number?
True
Let l be (-1)/(-2)*20 + -3. Suppose -17 = -2*c - l. Suppose 34 = 5*w + 3*g - 228, c*g = 5*w - 270. Is w a composite number?
False
Is 4/((-8)/(-12)*3/5) a prime number?
False
Let b = 146 + -51. Is b composite?
True
Suppose -21 = -3*t + 48. Is t a composite number?
False
Suppose -3*z + 3*r - 2*r = -1812, -4*z + r + 2416 = 0. Suppose 2*n - 592 = -4*q + 3*n, -2*n + z = 4*q. Is q a composite number?
False
Let c(n) = 113*n - 3. Let s be c(9). Let h = 2805 - s. Is h/6*6/9 prime?
True
Let t be (-4)/(-8) + 9/2. Suppose -512 = t*y - 2457. Is y prime?
True
Let i(u) = 8407*u**2. Is i(-1) a prime number?
False
Let l = 4 - 1. Suppose -8*c = -l*c - 415. Is c composite?
False
Let d = -2 + 7. Suppose 2*m - m = 56. Suppose -d*a = -a - m. Is a composite?
True
Let o be 28/6 - (-4)/(-6). Suppose 0 = -k - 5*x + 33, -7*x + 3*x = -o*k + 36. Suppose 2*r + i = 4*r - 71, 5*i + k = r. Is r composite?
True
Let u(y) = 718*y + 53. Is u(5) composite?
False
Is ((-4 + 4622)*1)/((-4)/(-2)) prime?
True
Let d(f) = 2*f**3 - 6*f + 0*f**3 + 2 + 0*f**2 + 0*f**2. Let i be d(6). Suppose -5*r + 347 = -i. Is r prime?
True
Suppose -3*o = 4*h - 2248, 4*o = 2*h - 812 - 334. Is h a prime number?
False
Let z be ((-2)/4)/((-12)/(-24)). Let o = 21 - z. Is o prime?
False
Let n be (2 - 3) + (77 - -2). Let g = n + -41. Is g prime?
True
Suppose 46*v - 43*v = 285. Is v a composite number?
True
Suppose 4*z + 1011 = 7*z. Suppose 3*s - 5*l = z, -5*s - 25 + 560 = 5*l. Is s a composite number?
False
Let x be 5 + -3 + (1 - -1). Suppose -3*y = 4*z - 76, 126 = 5*z - x*y - 0*y. Is z a composite number?
True
Suppose 5*o = 1 - 16. Is (o + 1)/(-2) + 5 a composite number?
True
Let u(b) = 7*b**2 - 7*b + 9. Let v(h) = 10*h**2 - 11*h + 13. Let i(a) = -7*u(a) + 5*v(a). Let d be i(3). Let p(w) = -3*w - 7. Is p(d) prime?
False
Let r be (-4)/10 + 153/45. Suppose 827 = 4*a - r*i, 4*i + 993 = 5*a - 42. Is a a prime number?
False
Suppose -2*p = -p + 1024. Let m = 1515 + p. Is m a prime number?
True
Let r = 2 + 0. Suppose 0 = -5*a - 2*l + 31, r*a + l + 0*l = 12. Let k(n) = 18*n - 7. Is k(a) prime?
False
Let f be (-30)/75 + 34/10. Suppose -490 = -4*j - 2*l, f*j - 3*l - l = 351. Is j composite?
True
Suppose -11*d + 389 = -10*d. Is d a composite number?
False
Suppose -24 = -s - 2*s. Is (4/s)/((-1)/(-422)) prime?
True
Let l = -4141 + 2801. Let q be 4/18 - l/45. Suppose -d + 3 = -q. Is d composite?
True
Let y = 558 - 327. Suppose -y = 3*r - 6*r. Is r prime?
False
Let d(x) = x**2 + x + 1. Let f(b) = -5*b**2 - 7*b - 6. Let s(n) = 6*d(n) + f(n). Let v be s(2). Suppose 4*m - 4*u - 60 = 64, 43 = m + v*u. Is m prime?
False
Suppose -a + 27 + 174 = 0. Let p = a - 52. Is p prime?
True
Let i be 2 + (2 - -1) + -1. Let m(k) = 5*k**2 + 3*k + 5. Let o be m(i). Suppose 3*h = -0*f + f + o, 2*f = 2*h - 62. Is h a composite number?
True
Let l be 1/(3/(1*12)). Let h(c) = c - 6. Let i be h(5). Is (4 + 1)*(i + l) prime?
False
Let k(c) = 346*c**2 + 1. Is k(-2) a composite number?
True
Let i = -7 + 9. Is 1*226/4*i a prime number?
True
Suppose 0 = 2*a - a - 5. Suppose -4*y + 645 = 3*n, -4*y - 903 = -a*n + 140. Is n composite?
False
Let t(v) = -3*v - 1. Let q be t(-1). Suppose q*j = -0*j + 1324. Is (-4)/14 + j/14 composite?
False
Suppose -4*v - 12 = -2*t - v, -3*t + v + 25 = 0. Let u(d) = -d**3 + 9*d**2 + 7*d - 4. Is u(t) composite?
False
Let q(m) = -m**3 + 21*m**2 - 9. Let l(d) = -d**2. Let b(p) = 4*l(p) + q(p). Is b(7) a composite number?
True
Suppose 23 = 5*c + 8. Suppose -c*q + 21 + 426 = 0. Is q prime?
True
Suppose -4*a = -2 - 14. Suppose -2*s - o + 109 = 0, -s - a*s - 3*o + 270 = 0. Is s prime?
False
Let g(c) = c**2 + 10*c - 3. Let r be g(-10). Let a be (3/r - -13)/1. Is (4/a)/(2/510) composite?
True
Is 1437/1*(-7 + (-52)/(-6)) prime?
False
Suppose 5*i = p + 35 + 191, -5*p - 5*i - 1160 = 0. Is (p + -6)*(-2)/6 composite?
False
Let f be (-16 - 0)*(-3)/3. Suppose r - f = 6. Is r composite?
True
Is (-5)/10 - (-135)/2 composite?
False
Suppose -5*v + 0*v - 10 = 0. Let x be (-1)/v + (-34)/(-4). Suppose 4*m + 2*q = -m + x, -3*m - 2*q = -3. Is m prime?
True
Suppose z = -i + 6, 5*i - 16 = 2*i - 2*z. Suppose 0 = i*v - 16, 5*p - 5*v - 714 = 3*p. Is p prime?
True
Let a(r) = -r**2 + 7*r + 18. Let d be a(9). Is 1 - d - (-420)/2 composite?
False
Suppose 3*r + 2*b + 19 = 0, 5*r + 21 = b + b. Let t = -12 + 10. Is (1055/2)/r*t composite?
False
Let i = -340 + 807. Is i prime?
True
Let y = -280 - -471. Is y a composite number?
False
Let l = -354 + 985. Is l a composite number?
False
Let h = 52 + -28. Let m(d) = d**2 - 7*d - 9. Let p be m(11). Let k = p - h. Is k a composite number?
False
Let p = -4 - -4. Suppose 0 = 2*z + 2*d + 172, p*d - d = 2*z + 176. Let l = z - -169. Is l composite?
False
Let x(m) = -29*m**2 + m - 3. Let f(r) = -1. Let y(s) = 4*f(s) - x(s). Is y(2) a prime number?
True
Suppose -3*v - 78 = -495. Is v composite?
False
Let r(j) = -10*j**3 + 2*j**2 - 6*j - 12. Is r(-5) a composite number?
True
Let r = -11 - -15. Suppose -4*f = 5*q - 373, -345 = -3*f + r*q - 42. Is f composite?
False
Let k = -1204 - -1905. Is k a composite number?
False
Let k(o) = -o - 2. Let z be k(-7). Suppose 3*s - 10 = z. Suppose -v - 43 = -2*d, -4*d - s*v + 115 = d. Is d a composite number?
True
Suppose -1 - 5 = -c - 3*k, 3 = 2*c - 3*k. Suppose 0 = -7*y + c*y + 236. Is y a composite number?
False
Is (-9106)/(-10) + (12/(-5))/(-6) a prime number?
True
Let r(z) = 83*z + 7. Let p(i) = -84*i - 6. Let h(w) = -4*p(w) - 3*r(w). Is h(2) prime?
False
Let v(h) = -h**3 - 3*h**2 + h + 3. Let z be v(-3). Suppose 2*m - 8 + z = 0. Suppose -m*g = 2*x + g - 47, 12 = -4*g. Is x a prime number?
True
Let g be (-6)/(-15) - (-1284)/(-10). Let i = g - -188. Let t = 85 - i. Is t a composite number?
True
Let d = -7 - -9. Suppose -d*z - 4 = -54. Is z prime?
False
Let v = -1801 + 3648. Is v composite?
False
Let k(d) = -d**2 + 25*d + 4. Let f be k(11). Suppose f = 2*z - 140. Is z a prime number?
True
Let h = 1118 - 529. Is h a composite number?
True
Let d(g) = g + 1. Let h be d(1). Suppose 0 = -0*s + h*s. Let y = s - -7. Is y a composite number?
False
Suppose 2*l - 3247 - 4731 = 0. Is l a composite number?
False
Is ((-7)/2)/((-5)/1730) composite?
True
Let n = 69 + 65. Is (0 - n)/(4 - 6) prime?
True
Let p = -13 + 7. Is ((-26)/p)/((-1)/(-3)) composite?
False
Let b = 408 - 73. Is b a composite number?
True
Let w be 11*-2*10/(-4). Let y = w - 22. Is y composite?
True
Suppose a - 2612 = -4*n, -2*n = 4*a - a - 1296. Is n/4*(-4)/(-3) prime?
False
Let r = -3 - -13. Suppose 111 = -7*y + r*y. Is y composite?
False
Suppose 230 = 5*k + 3*m - 20, -k + 3*m = -68. Is k a composite number?
False
Let a = -41 + 112. Is a composite?
False
Let u be 3*-1 + 4 + 2. Let f be (-10)/(u*4/(-1758)). Suppose -3*d + f = 2*d. Is d a prime number?
True
Is 673 - ((-9)/(-21) + (-75)/(-21)) a composite number?
True
Let k(w) = -2*w - 5. Let u be k(-4). Suppose 5*d + m - 410 = -0*m, u*m + 15 = 0. Is d composite?
False
Is 2/5*(35 + -5 - -5) a composite number?
True
Let l(j) be the first derivative of -j**4/4 - 8*j**3/3 + 4*j**2 - j + 7. Is l(-10) a composite number?
True
Let c = -11 + 11. Suppose n - 3 = c, t - n = 4*t - 252. Is t prime?
True
Suppose -3*j = -152 